 tens digit of i?
7
Suppose 3 - 2 = -2*r + 5*s, -2 = -3*r + 4*s. Suppose r*v - 6 = 34. What is the tens digit of v?
2
Let k(m) be the third derivative of m**5/30 + m**4/4 + 2*m**2. Let o(l) = -l**2 - 12*l - 4. Let r be o(-12). What is the units digit of k(r)?
8
Suppose 3*m - 3*f = -2*f - 125, -5*m + 5*f = 215. Let z = -16 - m. What is the units digit of z?
5
Suppose o + o - 4 = 0. Let t be 7/o + (-1)/2. Let x = t - -1. What is the units digit of x?
4
Let g(t) = 7*t + 11. What is the units digit of g(5)?
6
Let m(u) = -u**2 - 6*u - 1. Let j be m(-5). What is the units digit of (4/5)/(j/90)?
8
Let y = 3 + -4. Suppose 0 = -v - 4*x - 19, -2*x = v - 0*v + 9. Let h = v - y. What is the units digit of h?
2
Let d = -39 + 86. What is the units digit of d?
7
Let k be (-7)/(1*(-3 + 4)). Let x = 20 - k. What is the units digit of x?
7
Suppose -6*g = -2*g - 56. Let q = g - 4. Suppose 0 = -4*c - t + 33, -4*t - 5 = -5*c + q. What is the units digit of c?
7
Suppose -4 = -c, -c - 142 = -2*p - 3*c. What is the units digit of p?
7
Let c(g) = 2*g**2 + 3. Let b(y) = y**2. Let i be b(-2). What is the tens digit of c(i)?
3
Let u(p) = -2*p - 2. Let f be u(2). Let d(w) = -w - 1. Let v be d(f). Suppose -4*x = v*n - 23 - 37, -4*n + 66 = 5*x. What is the tens digit of x?
1
What is the tens digit of (-3)/(-2) - 612/(-8)?
7
Suppose -7 = -2*o - 2*z - 23, -13 = 2*o + 3*z. Let k = o + 2. Let x = k - -22. What is the units digit of x?
3
Let s(t) = -3*t**3 - 2*t**2 + t + 2. Let g be s(-2). Suppose 0 = 4*b - 24 - g. What is the tens digit of b?
1
Let v = -106 + 201. What is the units digit of v?
5
Let n = 9 + -7. What is the units digit of 2/(-4) - (-21)/n?
0
Suppose -3*q + 3*t + 700 = -2*t, 0 = -5*q + 3*t + 1172. What is the tens digit of q?
3
Let v(d) = d**2 + 9*d - 3. What is the units digit of v(-10)?
7
Let f = 19 - 16. Suppose 0*l = l + 2*t - 31, 5*t = l - f. What is the units digit of l?
3
Let u(w) = 3*w**2 + 44*w - 10. What is the tens digit of u(-20)?
1
Suppose -7*a - 6 = -5*a, -2*d + 4*a = -668. What is the units digit of d?
8
Let g(l) = 5*l**3 - 11*l**2 - 9*l - 2. Let r(z) = 4*z**3 - 10*z**2 - 8*z - 1. Let n(x) = 5*g(x) - 6*r(x). What is the units digit of n(-3)?
5
Let h = -5 - -5. Let n = h + 4. Suppose -37 - 7 = -n*z - 4*j, -2*z + j = -19. What is the units digit of z?
0
Let l(a) = 3*a**2 - a - 1. Let s be l(-1). Suppose 3*o + x = 6, 2*x + s*x + 24 = 3*o. Suppose o*z = 21 + 3. What is the units digit of z?
8
What is the units digit of ((-192)/(-20))/((-9)/(-30))?
2
Suppose -3*z = 12 - 33. Let r(x) = -4 - x + 1 + z*x. What is the units digit of r(2)?
9
Let s be 4/(10/2 + -3). What is the units digit of 3*((-6)/(-9) + s)?
8
Let w be 3/(-3) - (-3 - -1). Suppose 9 = -s + 4*s. Suppose s = z - w. What is the units digit of z?
4
Let j be (0 + -2)*(-2 - 1). Let b be (-16)/(-6)*9/j. Suppose -b*o + f = -21, 4*f - f - 2 = -o. What is the units digit of o?
5
Suppose -9 = o + 2*o. Let x(r) = -r + 1. Let k be x(o). What is the units digit of k + 1 + -2 + 1?
4
Suppose 3*j - 11 = 4*q - 0, 0 = -3*q - 2*j + 13. Suppose 2*u = -2*s + 6, -s - q - 4 = 0. Let w = 14 - u. What is the units digit of w?
6
Suppose -5*r + 5*a = -r - 732, 0 = -a + 4. What is the tens digit of r?
8
Suppose -c + 63 = 10. What is the units digit of c?
3
Let c(r) = r**2 - r + 10. Let x(q) = q**3 + 12*q**2 + 11*q + 12. Let u be x(-11). Suppose -2*d + u = 4*t + 2, -t = -2*d + 10. What is the units digit of c(t)?
0
Let c be 38/8 + 1/4. Suppose p = 2*p. Suppose 3*s - c - 1 = p. What is the units digit of s?
2
Suppose -y = -1 - 1. Suppose -v + 0*v - y = 0. Let d(i) = i**2 + i + 2. What is the units digit of d(v)?
4
Suppose 5*a - 41 = -0*t - t, -t - 4*a = -39. What is the units digit of t?
1
Let w be (6/5)/((-8)/20). Let o = 8 - w. What is the tens digit of o?
1
Let c(p) = p**3 + 2*p**2 - 3*p + 4. Let w be c(4). Suppose -4*n + w = 5*m, -12 = -n - 2*m + 13. What is the tens digit of n?
1
Let n(d) = d**2 - d + 12. Let a be n(0). Suppose 0*y = -3*y + a. Suppose 2*q = y*q - 2. What is the units digit of q?
1
Suppose 2*d - 4*f = d + 2, d - 3*f = 3. What is the units digit of d?
6
What is the tens digit of (-91)/(-14)*(14 + 0)?
9
Let n(s) be the third derivative of s**6/120 - s**4/24 + 5*s**3/6 - s**2. Suppose -10 = -3*l - 5*r, -4*r + 2 = 5*l - 6. What is the units digit of n(l)?
5
Let t be (-2)/3 + (-128)/6. Let z = -6 - t. Let m = -3 + z. What is the units digit of m?
3
Let b = 4 - 0. Suppose 2*c = -11 + 47. What is the units digit of b/(-14) + c/14?
1
Suppose 3*c - 2*c + m - 23 = 0, 0 = 5*m - 25. What is the tens digit of (-1)/9 - (-542)/c?
3
Suppose -5*t + 4*m + 0*m + 14 = 0, 4*t = 3*m + 11. Let g = 3 - 2. Suppose -g = -a + t. What is the units digit of a?
3
Suppose 0 = -4*c - 2*g + 4 + 54, c + 4*g = -3. What is the tens digit of c?
1
Suppose 48*w - 52*w + 272 = 0. What is the units digit of w?
8
Let p(i) = -i**3 + 6*i**2 + i - 1. What is the units digit of p(6)?
5
Let f(i) = i**3 - 6*i**2 + 6*i. What is the units digit of f(5)?
5
Let d(r) be the first derivative of -3*r**4/4 - r**3 + 3*r**2/2 + r + 8. What is the tens digit of d(-3)?
4
Suppose 0 = -5*a - n - 24, 4*n + 21 = -5*a - 0*n. Let d = 4 - a. What is the units digit of d?
9
Let o(m) = -9*m - 15. What is the tens digit of o(-6)?
3
Suppose 3*u - 17 = 7. Let o = -2 + u. What is the units digit of (-2)/o*(0 + -3)?
1
Suppose -5*x = -2*q - 230, -x + 0*q + 2*q = -38. Suppose v + 1 = o + 4*o, -2*o + x = 3*v. What is the units digit of v?
4
Suppose -5*f = -4*b - 0 + 81, 3*f - 9 = 0. Suppose -t - b = -5*t. What is the units digit of t?
6
Let i(d) = -d + 8. Let s = 0 - -1. Let n be 1*-1*(-1 + s). What is the units digit of i(n)?
8
Suppose d - 53 - 19 = 0. What is the units digit of d?
2
Let c(u) = 5*u**3 + 3*u**2 - 3*u + 1. What is the tens digit of c(2)?
4
Let a(f) = 7*f**2 + 42*f + 6. What is the units digit of a(-9)?
5
Let l(o) = -o + 37. What is the tens digit of l(-21)?
5
Suppose 2*x - 5*x + 552 = 0. What is the tens digit of x?
8
Let a(r) = -1 + r - 4 + 1. Let d be a(7). Suppose 5*w + 3*v = 55, d*v = -4*w + 44 + 3. What is the units digit of w?
8
Let p(j) = -9*j**3 + 1. Let i(y) = y + 8. Suppose f - 5*z = -3 - 1, -3*f = 4*z + 31. Let v be i(f). What is the tens digit of p(v)?
1
What is the hundreds digit of ((-50)/(-15))/5*258?
1
Suppose -2*u + 9 - 15 = 0. Suppose 2*c + 2 = -m, c + 13 = -2*c - 4*m. What is the units digit of (c + u/2)*-22?
1
Let s(u) = 5*u**3 - u**2 + 1. Let p(o) = 0*o - o**2 + 4*o**3 - o - o**2. Let k(h) = 4*p(h) - 3*s(h). What is the units digit of k(6)?
9
Let d = 461 + -253. What is the tens digit of d?
0
Let p = 6 + -16. Let m(l) = -l**3 - 10*l**2 - 2*l - 15. What is the units digit of m(p)?
5
Let z be 10/(-35) + 136/(-14). What is the tens digit of ((-10)/(-6))/(z/(-60))?
1
What is the units digit of (55/3)/(10/30)?
5
Let n be (16*-1 + 4)/(-2). What is the tens digit of (12/15)/(n/255)?
3
Suppose -2*b + 60 + 8 = 0. What is the units digit of b?
4
Suppose 4*s + m = 20 + 123, -4*s = 5*m - 123. What is the units digit of s?
7
What is the tens digit of (-1847)/(-9) + 1 + (-44)/36?
0
Let w = 99 - 53. Let o = 78 - w. What is the tens digit of o?
3
Let m be 1/(-7) + 36/7. What is the tens digit of (-186)/2*m/(-15)?
3
Let x be 12/10*10/3. Suppose -x*m + 185 = 1. What is the tens digit of m?
4
Let i(a) = -a**2 + 5*a + 4. Let n be i(5). Let b(f) = f - 2. Let o be b(n). Suppose o - 8 = -3*z. What is the units digit of z?
2
Suppose 5*o + z = 2*z + 176, 5*o = -5*z + 170. What is the units digit of o?
5
Let p be ((-44)/6)/(10/15). Let k(s) = s**2 + 12*s + 10. Let o be k(p). What is the tens digit of (-11)/((2 - o)/(-3))?
1
Suppose 22 = -2*v + 90. What is the units digit of v?
4
Let b = -2 + 4. Let i be 3/b*12*1. What is the units digit of -3*3/(i/(-16))?
8
Let g(c) = -54*c**3 - c**2 + 1. What is the tens digit of g(-1)?
5
Let j(u) = u**2 + 2*u - 3 + 2 + 0*u + 2*u. What is the units digit of j(-5)?
4
Suppose -2*o + 3*o = 0. Suppose 19 = n - 3*s, 5*s + 69 = 4*n - o*s. What is the units digit of n?
6
Let m(c) = -c + 14. Let a be m(10). Suppose 3 = x + 5*f - 3, -2*f + 96 = a*x. What is the units digit of x?
6
Let x(y) = y**3 - 2*y**2 + y + 1. Let j be x(2). Suppose j*w - p + 24 - 85 = 0, -3*p - 78 = -4*w. Let m = -13 + w. What is the units digit of m?
8
Let h = -